ltiple of 2?
True
Is 233 a factor of 156343?
True
Is 2738777 a multiple of 218?
False
Does 3 divide 52608?
True
Is 33 a factor of 1324521?
True
Is 57 a factor of 554034?
False
Does 4 divide 2500324?
True
Is 6 a factor of 1565745?
False
Is 25534 a multiple of 10?
False
Is 2681820 a multiple of 940?
True
Is 28 a factor of 706496?
True
Is 761875 a multiple of 134?
False
Is 93 a factor of 51323?
False
Is 4 a factor of 1604560?
True
Does 2 divide 141543?
False
Does 6 divide 1099949?
False
Is 10147068 a multiple of 178?
True
Is 34231 a multiple of 5?
False
Is 588639 a multiple of 57?
True
Does 53 divide 583053?
True
Does 7 divide 2725551?
False
Does 700 divide 186900?
True
Is 8 a factor of 11724968?
True
Is 45 a factor of 123522?
False
Is 108468 a multiple of 92?
True
Is 1631 a factor of 4291161?
True
Does 5 divide 31414?
False
Is 103 a factor of 151626?
False
Is 104310 a multiple of 190?
True
Is 18 a factor of 6259?
False
Is 52 a factor of 13395044?
True
Does 312 divide 788149?
False
Is 18 a factor of 313497?
False
Is 291 a factor of 1821449?
False
Is 411 a factor of 1865518?
False
Does 15 divide 912679?
False
Is 12 a factor of 483577?
False
Is 1344262 a multiple of 6?
False
Does 87 divide 754116?
True
Does 6 divide 6756?
True
Is 609 a factor of 2363109?
False
Does 6 divide 772488?
True
Is 120439 a multiple of 527?
False
Is 560485 a multiple of 25?
False
Does 599 divide 5040585?
True
Is 8 a factor of 134024?
True
Is 12929 a multiple of 3?
False
Does 48 divide 38026?
False
Is 1104657 a multiple of 59?
True
Does 12 divide 11836029?
False
Is 13402 a multiple of 6?
False
Does 22 divide 136576?
True
Does 5 divide 1214914?
False
Is 8 a factor of 365771?
False
Is 2 a factor of 13850?
True
Is 137 a factor of 111107?
True
Is 45 a factor of 28260?
True
Is 112392 a multiple of 8?
True
Is 51855 a multiple of 14?
False
Does 247 divide 418532?
False
Is 86640 a multiple of 3?
True
Does 48 divide 257136?
True
Is 11127284 a multiple of 181?
False
Is 279415 a multiple of 47?
True
Is 229 a factor of 378729?
False
Is 3 a factor of 224607?
True
Is 8 a factor of 14976?
True
Is 281 a factor of 505238?
True
Is 660 a factor of 1787932?
False
Does 170 divide 6960061?
False
Is 14 a factor of 332668?
True
Does 201 divide 201522?
False
Is 1905318 a multiple of 9?
True
Does 12 divide 508644?
True
Is 7 a factor of 47754?
True
Is 6 a factor of 805329?
False
Does 61 divide 1128012?
True
Is 216280 a multiple of 20?
True
Does 13 divide 1014891?
False
Is 1417132 a multiple of 16?
False
Is 757983 a multiple of 46?
False
Is 889980 a multiple of 20?
True
Is 45535 a multiple of 149?
False
Does 271 divide 361243?
True
Is 1323415 a multiple of 29?
True
Is 14 a factor of 715806?
True
Does 202 divide 861328?
True
Is 27 a factor of 452952?
True
Does 31 divide 1014355?
False
Is 1116563 a multiple of 7?
True
Does 2 divide 30845?
False
Does 67 divide 370376?
True
Is 47760 a multiple of 80?
True
Is 3737422 a multiple of 31?
True
Is 10 a factor of 196664?
False
Is 147 a factor of 1343286?
True
Is 44623 a multiple of 2?
False
Does 21 divide 948213?
True
Does 157 divide 56363?
True
Is 13 a factor of 2535445?
False
Is 1098 a factor of 14649796?
False
Is 6261580 a multiple of 137?
False
Is 3 a factor of 10532?
False
Is 60 a factor of 395203?
False
Is 5140725 a multiple of 33?
False
Does 45 divide 2351790?
True
Does 727 divide 1531348?
False
Is 3077640 a multiple of 412?
True
Is 126197 a multiple of 14?
False
Does 108 divide 31023?
False
Is 8247 a multiple of 3?
True
Is 106588 a multiple of 39?
False
Does 9 divide 6082588?
False
Is 12 a factor of 4715166?
False
Does 17 divide 62962?
False
Is 644 a factor of 19193776?
True
Does 42 divide 14105517?
False
Does 331 divide 1317049?
True
Is 181 a factor of 63531?
True
Is 119 a factor of 3345090?
True
Is 521496 a multiple of 12?
True
Is 12953594 a multiple of 61?
True
Does 16 divide 3687?
False
Is 717 a factor of 195024?
True
Is 46 a factor of 5618948?
False
Is 155 a factor of 2079170?
True
Is 14126876 a multiple of 32?
False
Is 120 a factor of 1223715?
False
Does 7 divide 76244?
True
Is 84 a factor of 1234716?
True
Does 35 divide 170954?
False
Is 1401106 a multiple of 833?
True
Is 177000 a multiple of 53?
False
Is 441050 a multiple of 50?
True
Is 4252545 a multiple of 639?
True
Does 2 divide 780757?
False
Is 11 a factor of 139062?
True
Is 27 a factor of 149904?
True
Is 51 a factor of 1846351?
False
Does 26 divide 109915?
False
Does 175 divide 3574025?
True
Is 6 a factor of 460253?
False
Does 22 divide 69806?
True
Does 137 divide 61381?
False
Is 23 a factor of 734210?
False
Does 58 divide 257172?
True
Does 178 divide 20403670?
False
Does 5 divide 317605?
True
Is 46 a factor of 378647?
False
Is 120 a factor of 40920?
True
Is 117556 a multiple of 90?
False
Does 64 divide 96734?
False
Does 198 divide 100342?
False
Does 5 divide 390585?
True
Does 39 divide 1143327?
False
Is 3113720 a multiple of 85?
True
Is 452772 a multiple of 6?
True
Does 16 divide 549296?
True
Is 8 a factor of 1719128?
True
Is 6034488 a multiple of 24?
True
Does 114 divide 55778?
False
Is 233485 a multiple of 188?
False
Is 6 a factor of 534?
True
Is 54 a factor of 502956?
True
Does 15 divide 25769?
False
Is 4 a factor of 9599?
False
Does 3 divide 1447410?
True
Is 102 a factor of 77463?
False
Is 3089806 a multiple of 209?
False
Is 67 a factor of 653235?
False
Does 35 divide 541745?
False
Does 28 divide 349919?
False
Is 248873 a multiple of 191?
True
Does 19 divide 329639?
False
Does 13 divide 41309?
False
Does 39 divide 1928259?
False
Is 10322280 a multiple of 20?
True
Is 31 a factor of 390028?
False
Is 399399 a multiple of 57?
True
Is 280 a factor of 9238040?
True
Is 249 a factor of 1721821?
False
Is 93500 a multiple of 15?
False
Does 161 divide 404448?
False
Does 56 divide 188496?
True
Is 142629 a multiple of 16?
False
Is 6 a factor of 231386?
False
Is 10 a factor of 418830?
True
Is 91410 a multiple of 55?
True
Is 123 a factor of 727791?
True
Is 8364539 a multiple of 2193?
False
Does 47 divide 3096172?
True
Does 799 divide 396304?
True
Does 148 divide 4888281?
False
Is 11 a factor of 165099?
True
Does 19 divide 68552?
True
Does 680 divide 7785736?
False
Does 1065 divide 9146220?
True
Is 52 a factor of 4176294?
False
Is 53084 a multiple of 15?
False
Is 17 a factor of 2417679?
False
Is 48 a factor of 602175?
False
Is 78722 a multiple of 18?
False
Is 27126 a multiple of 11?
True
Is 12719110 a multiple of 16?
False
Does 154 divide 131978?
True
Is 159801 a multiple of 21?
False
Is 950114 a multiple of 563?
False
Is 8 a factor of 3610148?
False
Is 81 a factor of 13324419?
True
Is 104250 a multiple of 18?
False
Is 44 a factor of 1732049?
False
Is 40 a factor of 173578?
False
Is 688797 a multiple of 69?
False
Does 78 divide 368004?
True
Is 348090 a multiple of 15?
True
Does 25 divide 398775?
True
Does 8 divide 496704?
True
Does 15 divide 299577?
False
Is 2913696 a multiple of 9?
True
Does 63 divide 80968?
False
Is 435 a factor of 242730?
True
Is 106 a factor of 1346?
False
Is 429792 a multiple of 363?
True
Is 27 a factor of 382536?
True
Is 129882 even?
True
Is 2976298 a multiple of 224?
False
Does 291 divide 50089?
False
Is 68 a factor of 257344?
False
Is 30 a factor of 309450?
True
Does 41 divide 53017?
False
Is 4 a factor of 32328?
True
Is 12 a factor of 257636?
False
Does 38 divide 1148056?
True
Is 1902510 a multiple of 1447?
False
Is 10 a factor of 183286?
False
Is 25433106 a multiple of 182?
False
Does 3 divide 68742?
True
Is 181752 a multiple of 114?
False
Is 4 a factor of 70783?
False
Does 13 divide 225667?
True
Does 91 divide 951715?
False
Is 959073 a multiple of 125?
False
Does 14 divide 291961?
False
Does 678 divide 392562?
True
Does 30 divide 417180?
True
Is 3795347 a multiple of 22?
False
Is 564542 a multiple of 24?
False
Is 1216306 a multiple of 13?
True
Is 1032196 a multiple of 36?
False
Is 31 a factor of 70538?
False
Is 1001475 a multiple of 11?
False
Is 17269 a multiple of 150?
False
Is 114 a factor of 649907?
False
Does 38 divide 3238056?
True
Is 187 a factor of 640739?
False
Does 104 divide 569712?
True
Is 754359 a multiple of 41?
True
Is 270977 a multiple of 6?
False
Does 57 divide 2838144?
True
Does 11 divide 8109349?
False
Is 39984 a multiple of 17?
True
Is 2564790 a multipl